 -5*n + 32 + 557, -3*a + 351 = p*n. What are the prime factors of n?
7, 17
Let u = 54 + 2. Let z = u - 27. What are the prime factors of z?
29
Suppose a - 5*j - 7 = 0, -52 = -3*a - j + 49. Suppose 3*n - a = w - 96, -2*w - 4*n = -148. What are the prime factors of w?
2, 5, 7
Suppose v - 162 = -2*o + 40, 4*v - 796 = 4*o. Suppose 4*q - 2*x - v = -0*q, 5*q + 4*x = 224. What are the prime factors of q?
2, 3
Let l(s) = 3*s - 17. Suppose -5*h + 76 = -j, 0*h = 3*h + 2*j - 43. List the prime factors of l(h).
2, 7
Let b(a) = -a**3 + a**2 + a - 1. Let x be b(1). Suppose 2*z = -3*j + 254, 2*j - 129 = -z - x*z. What are the prime factors of z?
11
Suppose p = 5*s + 122, -2*s = 3*p - 0*p - 332. Let i = 40 + p. What are the prime factors of i?
2, 19
Let s(g) be the first derivative of -g**4/4 - 2*g**3 - g**2 - 7*g - 8. Let z be s(-6). What are the prime factors of (1*-1)/(z/(-15))?
3
Let n(g) = -g**3 - 6*g**2 + g - 3. Let m be n(-6). Let w be (-1 - -2)*3 + m. What are the prime factors of 48/10 - w/30?
5
Let g be 5 + (1 - (0 + 2)). What are the prime factors of g/(8/18) - 1?
2
What are the prime factors of ((-1284)/(-8))/(2/4)?
3, 107
Let h = 1206 - -2654. List the prime factors of h.
2, 5, 193
Suppose -2*r = x - 1118, x + 4*r - 595 = 523. List the prime factors of x.
2, 13, 43
Let m(y) be the third derivative of y**6/120 + 2*y**5/15 + y**4/4 + 5*y**3/6 + 7*y**2. Let i be m(-4). Suppose 5*h - i = 160. What are the prime factors of h?
41
Let n be (-17)/(-7) - ((-8)/14 - -1). Suppose n*m + 4 = 0, m = -w + 5*w - 202. List the prime factors of w.
2, 5
Let f(o) = 5*o**2 + 20*o + 219. What are the prime factors of f(-30)?
3, 1373
Suppose -w - 3*l + 543 = 0, l - 16 = -3*l. List the prime factors of w.
3, 59
Suppose -103 = 3*p - 112. Suppose -5*n = -7*a + 3*a - 898, 5*a = -p*n + 524. List the prime factors of n.
2, 89
Let s = 0 - -3. Suppose -14*y + s*y + 814 = 0. List the prime factors of y.
2, 37
Let p = 102 + 32. Suppose 6*l = p - 2. What are the prime factors of l?
2, 11
Suppose 3 - 1 = r. Suppose 0*w + 8 = r*w. Suppose -i + w*x + 12 + 7 = 0, -2*i - 2*x + 38 = 0. What are the prime factors of i?
19
Suppose 4*x - 1639 = 193. What are the prime factors of x?
2, 229
Let r = -168 + 240. Let s = -415 + 420. Suppose s*i = 143 + r. What are the prime factors of i?
43
Let q be (20/(-25))/((-2)/(-5)). Let o(j) = j + 2. Let m be o(q). Suppose 7*u + 2 = 2*t + 3*u, 2*t - 3*u - 3 = m. What are the prime factors of t?
3
Suppose 10 = 5*a - 0*a. Suppose -a*p = d + d, 0 = 4*d + 5*p - 3. Let c = d + 34. List the prime factors of c.
31
Let m = -1126 - -1900. List the prime factors of m.
2, 3, 43
Let a(y) = -110*y + 154. List the prime factors of a(-25).
2, 3, 11
Suppose -2*i = -25*i + 32706. List the prime factors of i.
2, 3, 79
Let s(g) = 5*g**2 - 2*g + 1. Let p be s(1). Suppose -p*x + x = -6. What are the prime factors of x/(-13) + 1137/39?
29
Let i = 241 + -149. Let r = i - -75. What are the prime factors of r?
167
Let d = -622 - -1058. List the prime factors of d.
2, 109
Let b(a) = -a**2 - 28*a + 82. List the prime factors of b(-29).
53
Let l be (3 - -1)*7/((-168)/(-18)). List the prime factors of 2712/12 + l/1.
229
Suppose 3*a + y - 21 = -2*y, 4*a + y = 13. Suppose -a*m - 3*x + 7*x + 92 = 0, -x = -4*m + 156. What are the prime factors of m?
2, 19
Let v = -2194 - -7815. List the prime factors of v.
7, 11, 73
Let c(g) = -g**3 + 7*g**2 + 10*g - 16. Let p be c(8). Suppose p = -h + 3*h - 94. List the prime factors of h.
47
List the prime factors of 8/10*8675/10.
2, 347
Let t = 27 + -49. List the prime factors of (-8 - (2 + 2))*t/4.
2, 3, 11
Suppose 0 = -v - 2*v - 3. Let q(x) = -14*x - 27 + 26 - 25*x. What are the prime factors of q(v)?
2, 19
Suppose -g = 4*m - 1684, -2*g - 18*m + 23*m + 3407 = 0. What are the prime factors of g?
2, 53
What are the prime factors of 1045/4 - 20/80?
3, 29
Let m = -11 - -10. Let j = m - 3. What are the prime factors of (-1)/j + (-94)/(-8)?
2, 3
Let o = 121 - -12. What are the prime factors of o?
7, 19
Let d = 209 + 719. List the prime factors of d.
2, 29
Let o = 100 - 161. Let c = o + 131. List the prime factors of c.
2, 5, 7
Let o(h) = h**2 + 14*h + 4. Let u be o(-13). List the prime factors of 35*u*(-4)/60.
3, 7
Let v = -88 - -185. Suppose 0 = 7*h + 358 - 1. Let x = h + v. What are the prime factors of x?
2, 23
Let u(w) = -2*w**3 - w**2 + 7*w + 7. Let i be u(-2). Suppose 0 = 4*r + c - 603, -r - 46 = -i*c - 202. What are the prime factors of r?
151
Suppose 7*t = 6 + 8. Suppose -t*z - 4*y + 123 = -307, 3*z - y = 652. What are the prime factors of z?
7, 31
Suppose 11*t - 1622 = -16. List the prime factors of t.
2, 73
Suppose 5*m = f - 367, -2*m + 5*f - 95 = 38. List the prime factors of (m/7)/(3/(-21)).
2, 37
Let a be 48/30*(-15)/(-6). Suppose 0 = -5*f - a*h + 487, -276 = f - 4*f + 3*h. List the prime factors of f.
5, 19
Suppose 0 = -f + 28 + 5. Suppose 3*m + 5*s = -70, 2*m + 5 = 5*s - 0. Let b = m + f. What are the prime factors of b?
2, 3
Let q(h) = 8*h**2 + 25*h + 42. Let g(s) = 7*s**2 + 25*s + 40. Let r(p) = -7*g(p) + 6*q(p). List the prime factors of r(-12).
2
Suppose -2*j = 3*c - 201, 4*c = -11*j + 6*j + 275. List the prime factors of c.
5, 13
Let o(u) = -u**3 + u**2 + 4*u. Let s be o(-3). Suppose l + s = 5*l. Suppose -l = -a - 4. What are the prime factors of a?
2
Suppose 5*v - 3*x + 27 = 0, -x + 3*x = 3*v + 17. Let r = v + -10. Let k = r + 19. List the prime factors of k.
2, 3
Let c(b) = b**3 + b**2 + 2*b + 2. Let w = -46 - -50. What are the prime factors of c(w)?
2, 3, 5
List the prime factors of -3 + 3610/6 + (-9)/(-27).
599
Let a = 25 + -25. Suppose -q + 5 + 9 = a. What are the prime factors of q?
2, 7
What are the prime factors of ((-2)/(-5))/(34/43860)?
2, 3, 43
Suppose -k + 354 = y, 4*k + 0*k = -5*y + 1768. List the prime factors of y.
2, 11
List the prime factors of -1*(-8 + -1001 + 5).
2, 251
What are the prime factors of (-7)/(7/(-87)) + 3?
2, 3, 5
Suppose b - 341 = 5*b + 5*v, 0 = -5*b + v - 419. What are the prime factors of (2/(-8))/(3/b)?
7
List the prime factors of (-40)/(-6)*(-558)/(-12).
2, 5, 31
Let w(k) = 10*k - 13. Let m be w(4). Suppose 0 = -t - 3*r + 31, -3*t = -2*t + r - m. What are the prime factors of t?
5
Let b = 111 + -109. Suppose -5*p + j + 2200 = 613, 1278 = 4*p + b*j. What are the prime factors of p?
2, 3, 53
Let k(d) = -2*d**3 - d**2 + 2*d + 3. Let q be k(-3). Let t be (-5)/(q/15 - 3). Let v = t + 49. What are the prime factors of v?
2, 37
Suppose 0 = 2*k - 4*l - 7734, -151*k + 146*k + 19317 = -l. What are the prime factors of k?
3863
Let q(c) = c**2 - 6*c + 6. Let h be q(7). Suppose -34 = -3*b - h. List the prime factors of b.
7
Let t = 5 - 0. Suppose 3*w + 4*j = -8, -7*j + 2*j = t*w + 5. List the prime factors of (-6)/w - 74/(-4).
17
Suppose 0 = v + v - 2*r - 1000, 2*v = 5*r + 997. List the prime factors of v.
3, 167
Let l = -544 + 650. List the prime factors of l.
2, 53
Let h(s) = -s**2 - 76*s + 2. List the prime factors of h(-33).
7, 29
Let p = 334 + 1584. List the prime factors of p.
2, 7, 137
Suppose -4*a = -k + 4*k - 190, 0 = 5*k - 3*a - 336. Suppose 0 = 2*x + x - k. List the prime factors of x.
2, 11
Let s be -4*((-8)/(-20))/((-4)/5). List the prime factors of (-3 - (-92)/20)/(s/105).
2, 3, 7
Suppose 2*g - 4*r + 2*r - 64 = 0, r - 61 = -2*g. Suppose m = g - 3. What are the prime factors of (m/(-35))/(4/(-110))?
2, 11
Let h be 9 + 0 + (0 - -4). Suppose 0 = h*z - 8*z - 10. Suppose -z*l - 1 = -67. What are the prime factors of l?
3, 11
What are the prime factors of 2 + -8 + 2 + 4709?
5, 941
Let a = -323 + 530. What are the prime factors of a?
3, 23
Suppose 3*g = 25 - 331. What are the prime factors of (-3 - g)/3 + 1?
2, 17
Let q = -56 + 480. Suppose -5*n + 432 = 4*o, n - q = -4*o - 2*n. Suppose -4*f + o + 49 = 5*z, -z = -2*f + 76. What are the prime factors of f?
2, 19
Suppose 0 = -18*f - 8*f + 5122. List the prime factors of f.
197
Let c(i) = 3*i - 31. Let g be c(19). Suppose 21*x - g*x = -595. What are the prime factors of x?
7, 17
Let k = 39 + -39. Suppose k = n - 4*r - 79, 4*r - 51 = -n + 12. List the prime factors of n.
71
Let c = 3002 - 2142. What are the prime factors of c?
2, 5, 43
Let r be 4/2*(9 + -8). Suppose v = 3 + 1. Suppose 13 = 3*h - 4*u + 5*u, -v*h + r*u = -4. List the prime factors of h.
3